et s(c) = c + 27. Let f be s(-11). Calculate the highest common divisor of f and j.
16
Suppose 5*z + 439 = 2*f, -5*f = 4*z - 1264 + 216. Calculate the highest common divisor of f and 53.
53
Let p be 1130679/675 + 4/(-50). What is the highest common divisor of 67 and p?
67
Let q(x) = -x**3 - 33*x**2 - 45*x + 77. Let i be q(-32). Calculate the highest common divisor of 29 and i.
29
Let h(p) = -p - 7. Let x be h(-16). What is the greatest common divisor of 279 and x?
9
Let n = -500 - -577. What is the greatest common divisor of 35 and n?
7
Let n(i) = -i**2 + 10*i - 6. Let h be n(9). Suppose 3*o = 3*f - 39, h*o + 50 = -o + 3*f. Let u be (-4 + 2)*o/2. What is the highest common factor of u and 1?
1
Let x = 319 - 309. What is the highest common divisor of 250 and x?
10
Let f be 8/(-28) + 720/70. What is the highest common divisor of 20 and f?
10
Suppose 2*c - 5*h = -5, 2*c + 4*h + 0*h = 40. Let g be 283/5 + 4/c. Let a = -1520 + 1558. Calculate the greatest common divisor of a and g.
19
Let u(f) = -f**2 - 19*f + 15. Let h be u(-9). Let s = 130 - h. What is the greatest common factor of 10 and s?
5
Let k = -6 - -18. Suppose 736 - 176 = 10*m. Let b be 18/(-8)*24*m/(-36). Calculate the greatest common divisor of k and b.
12
Let b(z) = z**3 + 31*z**2 - 4*z - 138. Let d be b(-30). What is the highest common divisor of d and 18?
18
Suppose -w + 3*z = 3, -19*z + 17*z - 50 = -5*w. What is the highest common factor of w and 90?
6
Let z(u) = -88*u**3 - u**2. Let h be z(-1). Let w = 125 - h. Suppose -w = -2*t + t. Calculate the greatest common divisor of 19 and t.
19
Suppose 0*w = 3*w - 51. Let g(j) = 107*j + 547. Let k be g(-4). Calculate the greatest common divisor of k and w.
17
Let f be 60/(-40)*64/(-3). What is the greatest common divisor of 544 and f?
32
Let p = -571 - -879. Suppose f - 11 = 17. Calculate the highest common divisor of f and p.
28
Let t be (-6)/((-7)/(546/9)). Suppose -m = -7*m + 468. What is the greatest common divisor of t and m?
26
Let z = 31 + -31. Suppose 4*n - 47 - 129 = z. What is the greatest common divisor of 44 and n?
44
Let l(c) = -c**3 + 11*c**2 - 10*c + 19. Let i be l(10). What is the highest common factor of 247 and i?
19
Let g be 32/(-3)*3/(-2). Suppose 5 = u - g. What is the greatest common factor of u and 231?
21
Let v(p) = 13*p**3 - p + 2. Let q be v(1). Let g be (-3)/2*(-28)/q. Calculate the greatest common divisor of g and 24.
3
Let m be ((-735)/(-12))/1*8. Suppose 59*k + 24 = 63*k. Suppose c + k*c = m. Calculate the greatest common divisor of 105 and c.
35
Let y(x) = -5*x - 42. Let b be y(-12). Suppose -7*i + b = -5*i. Calculate the highest common divisor of i and 9.
9
Let a = 2129 + -2036. Calculate the greatest common factor of 372 and a.
93
Let h(q) = 5*q**2 + 5*q + 5. Let g be h(4). What is the greatest common factor of g and 70?
35
Let r = -272 - -596. What is the highest common factor of 36 and r?
36
Let h(x) = -17*x + 38. Let i be h(-23). What is the greatest common factor of i and 13?
13
Let l = 21 + -18. Suppose 4*v = 136 - 16. What is the highest common divisor of v and l?
3
Let n be -2 + 580/84 + (-4)/(-42). Calculate the greatest common factor of n and 55.
5
Suppose 26*v - 65*v + 12636 = 0. Calculate the highest common factor of 756 and v.
108
Suppose 3*t - 2*t = 3. Let m = 51 + -47. Suppose -i = m*a + 6, -2*a - 52 = -t*i - 0*i. Calculate the highest common factor of 2 and i.
2
Suppose -78 = 3*y + 10*y. Let f(c) = 3*c**2 + 11*c + 13. Let g be f(y). Let t be 43/2 + (-2)/(-4). Calculate the greatest common factor of t and g.
11
Suppose 5*f - 3 = 4*f. Suppose 4*u + 22 - 42 = 0. Suppose -30 = -3*q - 7*m + 4*m, -q + 26 = u*m. What is the highest common divisor of f and q?
3
Let b = 171 + -152. Calculate the greatest common divisor of 589 and b.
19
Let g be (-3)/18 + 811/6. Let m(p) = p**2 - 9*p - 7. Let j be m(11). What is the greatest common factor of g and j?
15
Let y be 42/12*-2*2. Let i = 30 + y. Let g be (42/63)/(1/24). What is the greatest common divisor of i and g?
16
Let n = 418 - 299. Let l = 4395 - 4388. Calculate the greatest common divisor of n and l.
7
Let x(c) be the third derivative of -c**4/24 - 2*c**3/3 - 2*c**2. Let a be x(2). Let g be 8/a*(-4 - 11). Calculate the highest common factor of 160 and g.
20
Suppose 0 = -39*g + 44*g - 830. Let o = -117 + g. What is the highest common divisor of 7 and o?
7
Suppose n - 2 = 0, 14*s - 13*s - 4*n - 317 = 0. Calculate the greatest common divisor of s and 50.
25
Suppose -10*y + 7*y + 936 = 0. Calculate the greatest common divisor of y and 24.
24
Suppose 14*r = 195 + 911. What is the greatest common factor of r and 1501?
79
Let o(s) = 22*s + 8. Let y be o(7). Suppose 1236 = -2*q - 2*f, -3*q - 2*f = -0*f + 1857. Let n be q/46*8/(-6). Calculate the greatest common factor of n and y.
18
Suppose 4*v - 435 - 113 = 0. Suppose 341 = 17*c + v. What is the highest common divisor of c and 96?
12
Suppose -3*v = -3*x + 1251, 3*x + 12*v - 1233 = 9*v. Calculate the highest common factor of 18 and x.
18
Let w(t) = -t**2 + 11. Let o = -9 - -9. Let b be w(o). Suppose -3*m = -5 - 28. Calculate the highest common divisor of m and b.
11
Let t be -6 - -6 - (-2 - 1). Let s be -1 + t - (16 - 34). Let j be ((-12)/(-10))/((-18)/(-1500)). Calculate the highest common divisor of s and j.
20
Let h be 15/(-12) - (-57561)/84. Calculate the highest common factor of h and 36.
36
Let b(i) = i**2 - 4*i + 18. Let q be b(3). What is the highest common divisor of q and 135?
15
Let b(g) = 33*g**2 - 2*g - 3. Let i be b(-1). Let y = -1 - 0. Let t(f) = -8*f**3 + f + 1. Let z be t(y). What is the greatest common factor of z and i?
8
Suppose 0 = -2*q - p + 11, p - 2*p = q - 5. Suppose 2*o + q = 8. Calculate the greatest common divisor of o and 8.
1
Suppose 52 = 5*u + 4*b - 326, -2*u + 168 = -4*b. What is the highest common factor of 351 and u?
39
Suppose u + 2*y - 331 = 0, 5*u = 9*u - y - 1369. What is the greatest common factor of 22 and u?
11
Let t be (-52)/(-130) - (-1256)/10. What is the highest common divisor of t and 27?
9
Let i be (12/30)/(2/(-2680)). Let f be (-2)/(-9) - i/18. Let n be (-2 + 5)/((-9)/(-60)). What is the greatest common factor of f and n?
10
Suppose -1596 = -5*t - 3*s + 4*s, 2*s - 1288 = -4*t. Let f(c) = -30*c + 160. Let m be f(4). Calculate the greatest common divisor of t and m.
40
Let w be 1*(-1 - 0) - (-468)/(-26). Let b = 208 + w. What is the greatest common factor of b and 21?
21
Let f(t) be the second derivative of -5*t**3/6 + t**2 + 5*t. Let n be f(-1). Suppose -8*r = -n*r - 98. What is the greatest common factor of r and 14?
14
Let g(x) = x + 8. Let n be g(8). Suppose -11*d = -n*d + 45. Let j(r) = -r**2 + r + 36. Let k be j(0). Calculate the highest common divisor of d and k.
9
Let l(r) = 7*r**2 + 17*r + 43. Let j(p) = 4*p**2 + 8*p + 22. Let a(o) = 5*j(o) - 3*l(o). Let w be a(-8). What is the highest common factor of 25 and w?
5
Suppose 0 = -289*k + 287*k + 68. What is the greatest common divisor of k and 34?
34
Suppose -234*h + 261*h = 162. What is the highest common factor of 3 and h?
3
Suppose -1734 = 626*b - 660*b. Let j = 57 - 23. Calculate the highest common divisor of b and j.
17
Let t = -171 + 267. Let h(m) = m**3 - 8*m**2 + 10*m - 5. Let l be h(7). Calculate the highest common factor of t and l.
16
Let n be 10/((-10)/1125*5). Let s = n - -242. Suppose 22 = l - 4*g, 4*g - 3*g = -5*l + 173. What is the greatest common factor of l and s?
17
Let k(u) = -u**2 + 8*u - 8. Let l be k(6). Let y be 834/(-8) - 4/(-16). Let z be (-15)/(-2)*y/(-130). What is the greatest common divisor of l and z?
2
Let q be ((-2)/(-6))/(6/630). Let w(r) = 5*r**2 + 2*r - 2. Let v be w(-2). What is the greatest common divisor of v and q?
7
Let p be 1 - (21203/(-49) + (-6)/21). What is the greatest common factor of p and 62?
62
Suppose -4*q + 42 = 2*r, q + 3*q = -5*r + 75. Suppose 5*w - 39 - r = 0. Let u be (-1)/((-296)/(-100) - 3). Calculate the greatest common divisor of u and w.
5
Let o(s) = s**2 - 4 - 4 + 2 + 2*s. Let j be o(-6). Let q = j + -16. Calculate the greatest common divisor of 16 and q.
2
Let r(c) = -159*c - 79. Let z be r(-1). What is the greatest common factor of 70 and z?
10
Suppose 8*y - 3*y - 4*c - 680 = 0, -3*y = -3*c - 405. What is the highest common factor of y an